{"id":39,"date":"2015-07-09T15:50:15","date_gmt":"2015-07-09T15:50:15","guid":{"rendered":"http:\/\/www.rivilladebarajas.es\/?page_id=39"},"modified":"2017-06-13T16:22:20","modified_gmt":"2017-06-13T14:22:20","slug":"viviendas","status":"publish","type":"page","link":"https:\/\/www.rivilladebarajas.es\/?page_id=39","title":{"rendered":"Viviendas"},"content":{"rendered":"<p>Rivilla es un pueblo abierto y encantador donde vivir es un placer. \u00a0Si estas buscando un sitio para descansar o pasar temporadas este es tu pueblo.<\/p>\n<p>Fant\u00e1sticamente comunicado y lo suficientemente peque\u00f1o para que tus hijos puedan gozar de libertad sin tener ning\u00fan problema.<\/p>\n<p>Si deseas construir una vivienda, te buscamos el terreno necesario y la licencia de obra te puede salir gratis (Consulta condiciones).<\/p>\n<p>&nbsp;<\/p>\n<p>&nbsp;<\/p>\n<p><strong>Propietario:<\/strong> Si deseas poner a la venta una vivienda ponte en contacto con el Ayuntamiento. Te ayudamos y la publicitamos de forma completamente gratuita.<\/p>\n<p>&nbsp;<\/p>\n<p style=\"text-align: center;\">\u00a0<a href=\"http:\/\/www.rivilladebarajas.es\/wp-content\/uploads\/2015\/07\/18.png\"><img loading=\"lazy\" class=\"alignnone  wp-image-1208\" src=\"http:\/\/www.rivilladebarajas.es\/wp-content\/uploads\/2015\/07\/18-300x169.png\" alt=\"18\" width=\"435\" height=\"245\" srcset=\"https:\/\/www.rivilladebarajas.es\/wp-content\/uploads\/2015\/07\/18-300x169.png 300w, https:\/\/www.rivilladebarajas.es\/wp-content\/uploads\/2015\/07\/18-1024x576.png 1024w\" sizes=\"(max-width: 435px) 100vw, 435px\" \/><\/a><\/p>\n","protected":false},"excerpt":{"rendered":"<p>Rivilla es un pueblo abierto y encantador donde vivir es un placer. \u00a0Si estas buscando un sitio para descansar o pasar temporadas este es tu pueblo. Fant\u00e1sticamente comunicado y lo suficientemente peque\u00f1o para que tus hijos puedan gozar de libertad sin tener ning\u00fan problema. Si deseas construir una vivienda, te buscamos el terreno necesario y [&hellip;]<\/p>\n","protected":false},"author":1,"featured_media":0,"parent":0,"menu_order":0,"comment_status":"closed","ping_status":"open","template":"","meta":[],"_links":{"self":[{"href":"https:\/\/www.rivilladebarajas.es\/index.php?rest_route=\/wp\/v2\/pages\/39"}],"collection":[{"href":"https:\/\/www.rivilladebarajas.es\/index.php?rest_route=\/wp\/v2\/pages"}],"about":[{"href":"https:\/\/www.rivilladebarajas.es\/index.php?rest_route=\/wp\/v2\/types\/page"}],"author":[{"embeddable":true,"href":"https:\/\/www.rivilladebarajas.es\/index.php?rest_route=\/wp\/v2\/users\/1"}],"replies":[{"embeddable":true,"href":"https:\/\/www.rivilladebarajas.es\/index.php?rest_route=%2Fwp%2Fv2%2Fcomments&post=39"}],"version-history":[{"count":4,"href":"https:\/\/www.rivilladebarajas.es\/index.php?rest_route=\/wp\/v2\/pages\/39\/revisions"}],"predecessor-version":[{"id":1209,"href":"https:\/\/www.rivilladebarajas.es\/index.php?rest_route=\/wp\/v2\/pages\/39\/revisions\/1209"}],"wp:attachment":[{"href":"https:\/\/www.rivilladebarajas.es\/index.php?rest_route=%2Fwp%2Fv2%2Fmedia&parent=39"}],"curies":[{"name":"wp","href":"https:\/\/api.w.org\/{rel}","templated":true}]}}