{"id":376,"date":"2015-09-08T15:55:02","date_gmt":"2015-09-08T15:55:02","guid":{"rendered":"http:\/\/www.rivilladebarajas.es\/?page_id=376"},"modified":"2016-08-18T23:52:39","modified_gmt":"2016-08-18T21:52:39","slug":"empadronate-en-rivilla","status":"publish","type":"page","link":"https:\/\/www.rivilladebarajas.es\/?page_id=376","title":{"rendered":"Empadronate en Rivilla"},"content":{"rendered":"<p>Si tu ciudad no te da nada y solo te cobran en Rivilla puedes tener ventajas y adem\u00e1s ayudas a tu pueblo.<\/p>\n<p>Sabias que el impuesto de circulaci\u00f3n de tu veh\u00edculo es mucho mas econ\u00f3mico si estas empadronado en Rivilla.<\/p>\n<p>Necesitamos tu ayuda.<\/p>\n<p>Empadronarse es una muy buena forma de empezar a hacer algo por este pueblo que lo necesita y cada vez mas.<\/p>\n<p>Pensad en que servicios os est\u00e1n aportando vuestros ayuntamientos. \u00bfQu\u00e9 ventajas ten\u00e9is por estar empadronados en vuestro municipio?. En muchos casos ninguna. Sabed que cambiar el empadronamiento no supone renunciar a nada.<\/p>\n<p>Con este censo y la nueva ley de ordenaci\u00f3n del territorio corremos el riesgo de perder el ayuntamiento. Sin embargo, empadronarse en Rivilla tiene ventajas que os quiero explicar.<\/p>\n<p>&#8211;\u00a0\u00a0\u00a0\u00a0\u00a0 Si ten\u00e9is un veh\u00edculo, el ahorro en el impuesto de matriculaci\u00f3n es del 50% respecto a otros municipios<\/p>\n<p>&#8211;\u00a0\u00a0\u00a0\u00a0\u00a0 Si tienes tierras o cualquier otra propiedad u empresa, perder el ayuntamiento te supondr\u00e1 un encarecimiento y una p\u00e9rdida de servicios que puede afectarte en la marcha de tu negocio o propiedad.<\/p>\n<p>&#8211;\u00a0\u00a0\u00a0\u00a0\u00a0 Como ciudadano o veraneante de Rivilla, perder el ayuntamiento, supondr\u00e1 una p\u00e9rdida de servicios importante. Reducci\u00f3n de horas de atenci\u00f3n m\u00e9dica, fiestas, equipamientos, etc\u2026<\/p>\n<p>&#8211;\u00a0\u00a0\u00a0\u00a0\u00a0 En Rivilla tu voto cuenta, aqu\u00ed, el peso de tu voto es mucho mayor que en otros municipios de m\u00e1s habitantes. Si no te gustan tus gobernantes, con tu voto puedes cambiarlos.<\/p>\n<p>&#8211;\u00a0\u00a0\u00a0\u00a0\u00a0 Rivilla se trata de tu pueblo, donde\u00a0 has pasado tu infancia y parte de tu vida, ser\u00eda dif\u00edcil de asumir perder nuestra identidad como pueblo.<\/p>\n<p><u><\/u>Para empadronaros en Rivilla, solo es necesario envi\u00e9is un email con la copia del DNI a <a href=\"mailto:ayto@rivilladebarajas.es\">ayto@rivilladebarajas.es<\/a>, indicando la direcci\u00f3n donde os empadronar\u00edais y el nivel de estudios, o bien que os person\u00e9is un d\u00eda en el ayuntamiento.<\/p>\n<p>&nbsp;<\/p>\n","protected":false},"excerpt":{"rendered":"<p>Si tu ciudad no te da nada y solo te cobran en Rivilla puedes tener ventajas y adem\u00e1s ayudas a tu pueblo. Sabias que el impuesto de circulaci\u00f3n de tu veh\u00edculo es mucho mas econ\u00f3mico si estas empadronado en Rivilla. Necesitamos tu ayuda. Empadronarse es una muy buena forma de empezar a hacer algo por [&hellip;]<\/p>\n","protected":false},"author":1,"featured_media":0,"parent":211,"menu_order":0,"comment_status":"closed","ping_status":"closed","template":"","meta":[],"_links":{"self":[{"href":"https:\/\/www.rivilladebarajas.es\/index.php?rest_route=\/wp\/v2\/pages\/376"}],"collection":[{"href":"https:\/\/www.rivilladebarajas.es\/index.php?rest_route=\/wp\/v2\/pages"}],"about":[{"href":"https:\/\/www.rivilladebarajas.es\/index.php?rest_route=\/wp\/v2\/types\/page"}],"author":[{"embeddable":true,"href":"https:\/\/www.rivilladebarajas.es\/index.php?rest_route=\/wp\/v2\/users\/1"}],"replies":[{"embeddable":true,"href":"https:\/\/www.rivilladebarajas.es\/index.php?rest_route=%2Fwp%2Fv2%2Fcomments&post=376"}],"version-history":[{"count":3,"href":"https:\/\/www.rivilladebarajas.es\/index.php?rest_route=\/wp\/v2\/pages\/376\/revisions"}],"predecessor-version":[{"id":874,"href":"https:\/\/www.rivilladebarajas.es\/index.php?rest_route=\/wp\/v2\/pages\/376\/revisions\/874"}],"up":[{"embeddable":true,"href":"https:\/\/www.rivilladebarajas.es\/index.php?rest_route=\/wp\/v2\/pages\/211"}],"wp:attachment":[{"href":"https:\/\/www.rivilladebarajas.es\/index.php?rest_route=%2Fwp%2Fv2%2Fmedia&parent=376"}],"curies":[{"name":"wp","href":"https:\/\/api.w.org\/{rel}","templated":true}]}}