{"id":297,"date":"2015-09-08T15:08:03","date_gmt":"2015-09-08T15:08:03","guid":{"rendered":"http:\/\/www.rivilladebarajas.es\/?page_id=297"},"modified":"2019-04-25T23:55:14","modified_gmt":"2019-04-25T21:55:14","slug":"de-fiesta-en-rivilla-2015","status":"publish","type":"page","link":"https:\/\/www.rivilladebarajas.es\/?page_id=297","title":{"rendered":"De Fiesta en Rivilla"},"content":{"rendered":"<p>Vaya Fiestas, tenemos en Rivilla. Son lo mejor de lo mejor y lo seguir\u00e1n siendo durante muchos a\u00f1os.<\/p>\n<p>(Muchas gracias al fot\u00f3grafo Mario por su colaboraci\u00f3n)<\/p>\n<p><strong>De Marcha:<\/strong><\/p>\n<p><a href=\"http:\/\/www.rivilladebarajas.es\/wp-content\/uploads\/2015\/09\/IMG_2298.jpg\"><img loading=\"lazy\" class=\"alignnone size-medium wp-image-298\" src=\"http:\/\/www.rivilladebarajas.es\/wp-content\/uploads\/2015\/09\/IMG_2298-300x225.jpg\" alt=\"IMG_2298\" width=\"300\" height=\"225\" srcset=\"https:\/\/www.rivilladebarajas.es\/wp-content\/uploads\/2015\/09\/IMG_2298-300x225.jpg 300w, https:\/\/www.rivilladebarajas.es\/wp-content\/uploads\/2015\/09\/IMG_2298.jpg 1000w\" sizes=\"(max-width: 300px) 100vw, 300px\" \/><\/a> <a href=\"http:\/\/www.rivilladebarajas.es\/wp-content\/uploads\/2015\/09\/IMG_2305.jpg\"><img loading=\"lazy\" class=\"alignnone size-medium wp-image-299\" src=\"http:\/\/www.rivilladebarajas.es\/wp-content\/uploads\/2015\/09\/IMG_2305-300x225.jpg\" alt=\"IMG_2305\" width=\"300\" height=\"225\" srcset=\"https:\/\/www.rivilladebarajas.es\/wp-content\/uploads\/2015\/09\/IMG_2305-300x225.jpg 300w, https:\/\/www.rivilladebarajas.es\/wp-content\/uploads\/2015\/09\/IMG_2305.jpg 1000w\" sizes=\"(max-width: 300px) 100vw, 300px\" \/><\/a> <a href=\"http:\/\/www.rivilladebarajas.es\/wp-content\/uploads\/2015\/09\/IMG_2320.jpg\"><img loading=\"lazy\" class=\"alignnone size-medium wp-image-300\" src=\"http:\/\/www.rivilladebarajas.es\/wp-content\/uploads\/2015\/09\/IMG_2320-300x225.jpg\" alt=\"IMG_2320\" width=\"300\" height=\"225\" srcset=\"https:\/\/www.rivilladebarajas.es\/wp-content\/uploads\/2015\/09\/IMG_2320-300x225.jpg 300w, https:\/\/www.rivilladebarajas.es\/wp-content\/uploads\/2015\/09\/IMG_2320.jpg 1000w\" sizes=\"(max-width: 300px) 100vw, 300px\" \/><\/a>\u00a0\u00a0 <a href=\"http:\/\/www.rivilladebarajas.es\/wp-content\/uploads\/2015\/09\/IMG_2325.jpg\"><img loading=\"lazy\" class=\"alignnone size-medium wp-image-303\" src=\"http:\/\/www.rivilladebarajas.es\/wp-content\/uploads\/2015\/09\/IMG_2325-300x225.jpg\" alt=\"IMG_2325\" width=\"300\" height=\"225\" srcset=\"https:\/\/www.rivilladebarajas.es\/wp-content\/uploads\/2015\/09\/IMG_2325-300x225.jpg 300w, https:\/\/www.rivilladebarajas.es\/wp-content\/uploads\/2015\/09\/IMG_2325.jpg 1000w\" sizes=\"(max-width: 300px) 100vw, 300px\" \/><\/a> <a href=\"http:\/\/www.rivilladebarajas.es\/wp-content\/uploads\/2015\/09\/IMG_2328.jpg\"><img loading=\"lazy\" class=\"alignnone size-medium wp-image-304\" src=\"http:\/\/www.rivilladebarajas.es\/wp-content\/uploads\/2015\/09\/IMG_2328-300x225.jpg\" alt=\"IMG_2328\" width=\"300\" height=\"225\" srcset=\"https:\/\/www.rivilladebarajas.es\/wp-content\/uploads\/2015\/09\/IMG_2328-300x225.jpg 300w, https:\/\/www.rivilladebarajas.es\/wp-content\/uploads\/2015\/09\/IMG_2328.jpg 1000w\" sizes=\"(max-width: 300px) 100vw, 300px\" \/><\/a> <a href=\"http:\/\/www.rivilladebarajas.es\/wp-content\/uploads\/2015\/09\/IMG_2329.jpg\"><img loading=\"lazy\" class=\"alignnone size-medium wp-image-305\" src=\"http:\/\/www.rivilladebarajas.es\/wp-content\/uploads\/2015\/09\/IMG_2329-300x225.jpg\" alt=\"IMG_2329\" width=\"300\" height=\"225\" srcset=\"https:\/\/www.rivilladebarajas.es\/wp-content\/uploads\/2015\/09\/IMG_2329-300x225.jpg 300w, https:\/\/www.rivilladebarajas.es\/wp-content\/uploads\/2015\/09\/IMG_2329.jpg 1000w\" sizes=\"(max-width: 300px) 100vw, 300px\" \/><\/a> <a href=\"http:\/\/www.rivilladebarajas.es\/wp-content\/uploads\/2015\/09\/IMG_2330.jpg\"><img loading=\"lazy\" class=\"alignnone size-medium wp-image-306\" src=\"http:\/\/www.rivilladebarajas.es\/wp-content\/uploads\/2015\/09\/IMG_2330-300x225.jpg\" alt=\"IMG_2330\" width=\"300\" height=\"225\" srcset=\"https:\/\/www.rivilladebarajas.es\/wp-content\/uploads\/2015\/09\/IMG_2330-300x225.jpg 300w, https:\/\/www.rivilladebarajas.es\/wp-content\/uploads\/2015\/09\/IMG_2330.jpg 1000w\" sizes=\"(max-width: 300px) 100vw, 300px\" \/><\/a><\/p>\n<p><strong>Juegos de Ni\u00f1os y no tan ni\u00f1os<\/strong><\/p>\n<p><a href=\"http:\/\/www.rivilladebarajas.es\/wp-content\/uploads\/2015\/09\/IMG_3286.jpg\"><img loading=\"lazy\" class=\"alignnone size-medium wp-image-266\" src=\"http:\/\/www.rivilladebarajas.es\/wp-content\/uploads\/2015\/09\/IMG_3286-300x200.jpg\" alt=\"IMG_3286\" width=\"300\" height=\"200\" srcset=\"https:\/\/www.rivilladebarajas.es\/wp-content\/uploads\/2015\/09\/IMG_3286-300x200.jpg 300w, https:\/\/www.rivilladebarajas.es\/wp-content\/uploads\/2015\/09\/IMG_3286.jpg 1000w\" sizes=\"(max-width: 300px) 100vw, 300px\" \/><\/a> <a href=\"http:\/\/www.rivilladebarajas.es\/wp-content\/uploads\/2015\/09\/IMG_3283.jpg\"><img loading=\"lazy\" class=\"alignnone size-medium wp-image-265\" src=\"http:\/\/www.rivilladebarajas.es\/wp-content\/uploads\/2015\/09\/IMG_3283-300x200.jpg\" alt=\"IMG_3283\" width=\"300\" height=\"200\" srcset=\"https:\/\/www.rivilladebarajas.es\/wp-content\/uploads\/2015\/09\/IMG_3283-300x200.jpg 300w, https:\/\/www.rivilladebarajas.es\/wp-content\/uploads\/2015\/09\/IMG_3283.jpg 1000w\" sizes=\"(max-width: 300px) 100vw, 300px\" \/><\/a> <a href=\"http:\/\/www.rivilladebarajas.es\/wp-content\/uploads\/2015\/09\/IMG_3280.jpg\"><img loading=\"lazy\" class=\"alignnone size-medium wp-image-264\" src=\"http:\/\/www.rivilladebarajas.es\/wp-content\/uploads\/2015\/09\/IMG_3280-300x200.jpg\" alt=\"IMG_3280\" width=\"300\" height=\"200\" srcset=\"https:\/\/www.rivilladebarajas.es\/wp-content\/uploads\/2015\/09\/IMG_3280-300x200.jpg 300w, https:\/\/www.rivilladebarajas.es\/wp-content\/uploads\/2015\/09\/IMG_3280.jpg 1000w\" sizes=\"(max-width: 300px) 100vw, 300px\" \/><\/a> <a href=\"http:\/\/www.rivilladebarajas.es\/wp-content\/uploads\/2015\/09\/IMG_3279.jpg\"><img loading=\"lazy\" class=\"alignnone size-medium wp-image-263\" src=\"http:\/\/www.rivilladebarajas.es\/wp-content\/uploads\/2015\/09\/IMG_3279-300x200.jpg\" alt=\"IMG_3279\" width=\"300\" height=\"200\" srcset=\"https:\/\/www.rivilladebarajas.es\/wp-content\/uploads\/2015\/09\/IMG_3279-300x200.jpg 300w, https:\/\/www.rivilladebarajas.es\/wp-content\/uploads\/2015\/09\/IMG_3279.jpg 1000w\" sizes=\"(max-width: 300px) 100vw, 300px\" \/><\/a> <a href=\"http:\/\/www.rivilladebarajas.es\/wp-content\/uploads\/2015\/09\/IMG_3278.jpg\"><img loading=\"lazy\" class=\"alignnone size-medium wp-image-262\" src=\"http:\/\/www.rivilladebarajas.es\/wp-content\/uploads\/2015\/09\/IMG_3278-300x200.jpg\" alt=\"IMG_3278\" width=\"300\" height=\"200\" srcset=\"https:\/\/www.rivilladebarajas.es\/wp-content\/uploads\/2015\/09\/IMG_3278-300x200.jpg 300w, https:\/\/www.rivilladebarajas.es\/wp-content\/uploads\/2015\/09\/IMG_3278.jpg 1000w\" sizes=\"(max-width: 300px) 100vw, 300px\" \/><\/a> <a href=\"http:\/\/www.rivilladebarajas.es\/wp-content\/uploads\/2015\/09\/IMG_3271.jpg\"><img loading=\"lazy\" class=\"alignnone size-medium wp-image-261\" src=\"http:\/\/www.rivilladebarajas.es\/wp-content\/uploads\/2015\/09\/IMG_3271-300x200.jpg\" alt=\"IMG_3271\" width=\"300\" height=\"200\" srcset=\"https:\/\/www.rivilladebarajas.es\/wp-content\/uploads\/2015\/09\/IMG_3271-300x200.jpg 300w, https:\/\/www.rivilladebarajas.es\/wp-content\/uploads\/2015\/09\/IMG_3271.jpg 1000w\" sizes=\"(max-width: 300px) 100vw, 300px\" \/><\/a> <a href=\"http:\/\/www.rivilladebarajas.es\/wp-content\/uploads\/2015\/09\/IMG_3265.jpg\"><img loading=\"lazy\" class=\"alignnone size-medium wp-image-260\" src=\"http:\/\/www.rivilladebarajas.es\/wp-content\/uploads\/2015\/09\/IMG_3265-300x200.jpg\" alt=\"IMG_3265\" width=\"300\" height=\"200\" srcset=\"https:\/\/www.rivilladebarajas.es\/wp-content\/uploads\/2015\/09\/IMG_3265-300x200.jpg 300w, https:\/\/www.rivilladebarajas.es\/wp-content\/uploads\/2015\/09\/IMG_3265.jpg 1000w\" sizes=\"(max-width: 300px) 100vw, 300px\" \/><\/a> <a href=\"http:\/\/www.rivilladebarajas.es\/wp-content\/uploads\/2015\/09\/IMG_3264.jpg\"><img loading=\"lazy\" class=\"alignnone size-medium wp-image-259\" src=\"http:\/\/www.rivilladebarajas.es\/wp-content\/uploads\/2015\/09\/IMG_3264-300x200.jpg\" alt=\"IMG_3264\" width=\"300\" height=\"200\" srcset=\"https:\/\/www.rivilladebarajas.es\/wp-content\/uploads\/2015\/09\/IMG_3264-300x200.jpg 300w, https:\/\/www.rivilladebarajas.es\/wp-content\/uploads\/2015\/09\/IMG_3264.jpg 1000w\" sizes=\"(max-width: 300px) 100vw, 300px\" \/><\/a> <a href=\"http:\/\/www.rivilladebarajas.es\/wp-content\/uploads\/2015\/09\/IMG_3262.jpg\"><img loading=\"lazy\" class=\"alignnone size-medium wp-image-258\" src=\"http:\/\/www.rivilladebarajas.es\/wp-content\/uploads\/2015\/09\/IMG_3262-300x200.jpg\" alt=\"IMG_3262\" width=\"300\" height=\"200\" srcset=\"https:\/\/www.rivilladebarajas.es\/wp-content\/uploads\/2015\/09\/IMG_3262-300x200.jpg 300w, https:\/\/www.rivilladebarajas.es\/wp-content\/uploads\/2015\/09\/IMG_3262.jpg 1000w\" sizes=\"(max-width: 300px) 100vw, 300px\" \/><\/a> <a href=\"http:\/\/www.rivilladebarajas.es\/wp-content\/uploads\/2015\/09\/IMG_3261.jpg\"><img loading=\"lazy\" class=\"alignnone size-medium wp-image-257\" src=\"http:\/\/www.rivilladebarajas.es\/wp-content\/uploads\/2015\/09\/IMG_3261-300x200.jpg\" alt=\"IMG_3261\" width=\"300\" height=\"200\" srcset=\"https:\/\/www.rivilladebarajas.es\/wp-content\/uploads\/2015\/09\/IMG_3261-300x200.jpg 300w, https:\/\/www.rivilladebarajas.es\/wp-content\/uploads\/2015\/09\/IMG_3261.jpg 1000w\" sizes=\"(max-width: 300px) 100vw, 300px\" \/><\/a><\/p>\n<p><strong>CAMPEONES Y SUBCAMPEONES PADEL\u00a0 <\/strong><\/p>\n<p><a href=\"http:\/\/www.rivilladebarajas.es\/wp-content\/uploads\/2015\/09\/IMG_3258.jpg\"><img loading=\"lazy\" class=\"alignnone size-medium wp-image-255\" src=\"http:\/\/www.rivilladebarajas.es\/wp-content\/uploads\/2015\/09\/IMG_3258-300x200.jpg\" alt=\"IMG_3258\" width=\"300\" height=\"200\" srcset=\"https:\/\/www.rivilladebarajas.es\/wp-content\/uploads\/2015\/09\/IMG_3258-300x200.jpg 300w, https:\/\/www.rivilladebarajas.es\/wp-content\/uploads\/2015\/09\/IMG_3258.jpg 1000w\" sizes=\"(max-width: 300px) 100vw, 300px\" \/><\/a> <a href=\"http:\/\/www.rivilladebarajas.es\/wp-content\/uploads\/2015\/09\/IMG_3256.jpg\"><img loading=\"lazy\" class=\"alignnone size-medium wp-image-254\" src=\"http:\/\/www.rivilladebarajas.es\/wp-content\/uploads\/2015\/09\/IMG_3256-300x200.jpg\" alt=\"IMG_3256\" width=\"300\" height=\"200\" srcset=\"https:\/\/www.rivilladebarajas.es\/wp-content\/uploads\/2015\/09\/IMG_3256-300x200.jpg 300w, https:\/\/www.rivilladebarajas.es\/wp-content\/uploads\/2015\/09\/IMG_3256.jpg 1000w\" sizes=\"(max-width: 300px) 100vw, 300px\" \/><\/a><\/p>\n","protected":false},"excerpt":{"rendered":"<p>Vaya Fiestas, tenemos en Rivilla. Son lo mejor de lo mejor y lo seguir\u00e1n siendo durante muchos a\u00f1os. (Muchas gracias al fot\u00f3grafo Mario por su colaboraci\u00f3n) De Marcha: \u00a0\u00a0 Juegos de Ni\u00f1os y no tan ni\u00f1os CAMPEONES Y SUBCAMPEONES PADEL\u00a0<\/p>\n","protected":false},"author":1,"featured_media":0,"parent":20,"menu_order":0,"comment_status":"closed","ping_status":"closed","template":"","meta":[],"_links":{"self":[{"href":"https:\/\/www.rivilladebarajas.es\/index.php?rest_route=\/wp\/v2\/pages\/297"}],"collection":[{"href":"https:\/\/www.rivilladebarajas.es\/index.php?rest_route=\/wp\/v2\/pages"}],"about":[{"href":"https:\/\/www.rivilladebarajas.es\/index.php?rest_route=\/wp\/v2\/types\/page"}],"author":[{"embeddable":true,"href":"https:\/\/www.rivilladebarajas.es\/index.php?rest_route=\/wp\/v2\/users\/1"}],"replies":[{"embeddable":true,"href":"https:\/\/www.rivilladebarajas.es\/index.php?rest_route=%2Fwp%2Fv2%2Fcomments&post=297"}],"version-history":[{"count":6,"href":"https:\/\/www.rivilladebarajas.es\/index.php?rest_route=\/wp\/v2\/pages\/297\/revisions"}],"predecessor-version":[{"id":1660,"href":"https:\/\/www.rivilladebarajas.es\/index.php?rest_route=\/wp\/v2\/pages\/297\/revisions\/1660"}],"up":[{"embeddable":true,"href":"https:\/\/www.rivilladebarajas.es\/index.php?rest_route=\/wp\/v2\/pages\/20"}],"wp:attachment":[{"href":"https:\/\/www.rivilladebarajas.es\/index.php?rest_route=%2Fwp%2Fv2%2Fmedia&parent=297"}],"curies":[{"name":"wp","href":"https:\/\/api.w.org\/{rel}","templated":true}]}}