{"id":1803,"date":"2024-06-15T13:58:00","date_gmt":"2024-06-15T11:58:00","guid":{"rendered":"https:\/\/www.rivilladebarajas.es\/?page_id=1803"},"modified":"2025-10-27T18:51:27","modified_gmt":"2025-10-27T17:51:27","slug":"programa-dus-5000","status":"publish","type":"page","link":"https:\/\/www.rivilladebarajas.es\/?page_id=1803","title":{"rendered":"PROGRAMA DUS 5000"},"content":{"rendered":"\n<p>PROGRAMA DUS 5000. AYUDAS PARA INVERSIONES A PROYECTOS SINGULARES LOCALES DE ENERG\u00cdA LIMPIA EN MUNICIPIOS DE RETO DEMOGR\u00c1FICO<\/p>\n\n\n\n<p><em>En el marco del Plan de Recuperaci\u00f3n, Transformaci\u00f3n y Resiliencia Financiado por la Uni\u00f3n Europea &#8211; NextGenerationEU<\/em><\/p>\n\n\n\n<figure class=\"wp-block-image size-large\"><a href=\"https:\/\/www.rivilladebarajas.es\/wp-content\/uploads\/2025\/10\/image.png\"><img loading=\"lazy\" width=\"1024\" height=\"700\" src=\"https:\/\/www.rivilladebarajas.es\/wp-content\/uploads\/2025\/10\/image-1024x700.png\" alt=\"\" class=\"wp-image-1834\" srcset=\"https:\/\/www.rivilladebarajas.es\/wp-content\/uploads\/2025\/10\/image-1024x700.png 1024w, https:\/\/www.rivilladebarajas.es\/wp-content\/uploads\/2025\/10\/image-300x205.png 300w, https:\/\/www.rivilladebarajas.es\/wp-content\/uploads\/2025\/10\/image-768x525.png 768w, https:\/\/www.rivilladebarajas.es\/wp-content\/uploads\/2025\/10\/image.png 1319w\" sizes=\"(max-width: 1024px) 100vw, 1024px\" \/><\/a><\/figure>\n\n\n\n<p>EXPEDIENTE: PR-D5000-2021-000365<\/p>\n\n\n\n<p><\/p>\n\n\n\n<p>Medida 01: Reducci\u00f3n de la demanda y el consumo energ\u00e9tico en edificios e infraestructuras p\u00fablicas<\/p>\n\n\n\n<p><\/p>\n\n\n\n<p>Medida 03: Instalaciones de generaci\u00f3n t\u00e9rmica renovable y de redes de calor y\/o fr\u00edo<\/p>\n\n\n\n<p><\/p>\n\n\n\n<figure class=\"wp-block-image size-large is-resized\"><a href=\"https:\/\/www.rivilladebarajas.es\/wp-content\/uploads\/2024\/06\/logo-MITECO-IDAE.png\"><img loading=\"lazy\" src=\"https:\/\/www.rivilladebarajas.es\/wp-content\/uploads\/2024\/06\/logo-MITECO-IDAE-1024x171.png\" alt=\"\" class=\"wp-image-1805\" width=\"768\" height=\"128\" srcset=\"https:\/\/www.rivilladebarajas.es\/wp-content\/uploads\/2024\/06\/logo-MITECO-IDAE-1024x171.png 1024w, https:\/\/www.rivilladebarajas.es\/wp-content\/uploads\/2024\/06\/logo-MITECO-IDAE-300x50.png 300w, https:\/\/www.rivilladebarajas.es\/wp-content\/uploads\/2024\/06\/logo-MITECO-IDAE-768x128.png 768w, https:\/\/www.rivilladebarajas.es\/wp-content\/uploads\/2024\/06\/logo-MITECO-IDAE.png 1182w\" sizes=\"(max-width: 768px) 100vw, 768px\" \/><\/a><\/figure>\n","protected":false},"excerpt":{"rendered":"<p>PROGRAMA DUS 5000. AYUDAS PARA INVERSIONES A PROYECTOS SINGULARES LOCALES DE ENERG\u00cdA LIMPIA EN MUNICIPIOS DE RETO DEMOGR\u00c1FICO En el marco del Plan de Recuperaci\u00f3n, Transformaci\u00f3n y Resiliencia Financiado por la Uni\u00f3n Europea &#8211; NextGenerationEU EXPEDIENTE: PR-D5000-2021-000365 Medida 01: Reducci\u00f3n de la demanda y el consumo energ\u00e9tico en edificios e infraestructuras p\u00fablicas Medida 03: Instalaciones [&hellip;]<\/p>\n","protected":false},"author":1,"featured_media":0,"parent":211,"menu_order":9,"comment_status":"closed","ping_status":"closed","template":"","meta":[],"_links":{"self":[{"href":"https:\/\/www.rivilladebarajas.es\/index.php?rest_route=\/wp\/v2\/pages\/1803"}],"collection":[{"href":"https:\/\/www.rivilladebarajas.es\/index.php?rest_route=\/wp\/v2\/pages"}],"about":[{"href":"https:\/\/www.rivilladebarajas.es\/index.php?rest_route=\/wp\/v2\/types\/page"}],"author":[{"embeddable":true,"href":"https:\/\/www.rivilladebarajas.es\/index.php?rest_route=\/wp\/v2\/users\/1"}],"replies":[{"embeddable":true,"href":"https:\/\/www.rivilladebarajas.es\/index.php?rest_route=%2Fwp%2Fv2%2Fcomments&post=1803"}],"version-history":[{"count":2,"href":"https:\/\/www.rivilladebarajas.es\/index.php?rest_route=\/wp\/v2\/pages\/1803\/revisions"}],"predecessor-version":[{"id":1836,"href":"https:\/\/www.rivilladebarajas.es\/index.php?rest_route=\/wp\/v2\/pages\/1803\/revisions\/1836"}],"up":[{"embeddable":true,"href":"https:\/\/www.rivilladebarajas.es\/index.php?rest_route=\/wp\/v2\/pages\/211"}],"wp:attachment":[{"href":"https:\/\/www.rivilladebarajas.es\/index.php?rest_route=%2Fwp%2Fv2%2Fmedia&parent=1803"}],"curies":[{"name":"wp","href":"https:\/\/api.w.org\/{rel}","templated":true}]}}